{"id":1413,"date":"2026-03-10T18:02:21","date_gmt":"2026-03-10T21:02:21","guid":{"rendered":"https:\/\/academyulianov.com\/?page_id=1413"},"modified":"2026-03-10T19:01:03","modified_gmt":"2026-03-10T22:01:03","slug":"home","status":"publish","type":"page","link":"https:\/\/academyulianov.com\/","title":{"rendered":"Home"},"content":{"rendered":"\t\t<div data-elementor-type=\"wp-page\" data-elementor-id=\"1413\" class=\"elementor elementor-1413\">\n\t\t\t\t<div class=\"elementor-element elementor-element-7bc82ad e-flex e-con-boxed e-con e-parent\" data-id=\"7bc82ad\" data-element_type=\"container\" data-e-type=\"container\">\n\t\t\t\t\t<div class=\"e-con-inner\">\n\t\t\t\t<div class=\"elementor-element elementor-element-27a6a9a elementor-grid-2 elementor-grid-tablet-2 elementor-grid-mobile-1 elementor-posts--thumbnail-top elementor-posts--show-avatar elementor-card-shadow-yes elementor-posts__hover-gradient elementor-widget elementor-widget-posts\" data-id=\"27a6a9a\" data-element_type=\"widget\" data-e-type=\"widget\" data-settings=\"{&quot;cards_columns&quot;:&quot;2&quot;,&quot;cards_columns_tablet&quot;:&quot;2&quot;,&quot;cards_columns_mobile&quot;:&quot;1&quot;,&quot;cards_row_gap&quot;:{&quot;unit&quot;:&quot;px&quot;,&quot;size&quot;:35,&quot;sizes&quot;:[]},&quot;cards_row_gap_tablet&quot;:{&quot;unit&quot;:&quot;px&quot;,&quot;size&quot;:&quot;&quot;,&quot;sizes&quot;:[]},&quot;cards_row_gap_mobile&quot;:{&quot;unit&quot;:&quot;px&quot;,&quot;size&quot;:&quot;&quot;,&quot;sizes&quot;:[]}}\" data-widget_type=\"posts.cards\">\n\t\t\t\t<div class=\"elementor-widget-container\">\n\t\t\t\t\t\t\t<div class=\"elementor-posts-container elementor-posts elementor-posts--skin-cards elementor-grid\">\n\t\t\t\t<article class=\"elementor-post elementor-grid-item post-1496 post type-post status-publish format-standard has-post-thumbnail hentry category-trade tag-btc tag-degen tag-renatoulianov tag-scalper tag-trade tag-tradewithrenato\">\n\t\t\t<div class=\"elementor-post__card\">\n\t\t\t\t<a class=\"elementor-post__thumbnail__link\" href=\"https:\/\/academyulianov.com\/index.php\/2026\/04\/20\/degen-scanner\/\" ><div class=\"elementor-post__thumbnail\"><img fetchpriority=\"high\" decoding=\"async\" width=\"300\" height=\"169\" src=\"https:\/\/academyulianov.com\/wp-content\/uploads\/2026\/04\/degen-scanner-300x169.jpg\" class=\"attachment-medium size-medium wp-image-1497\" alt=\"\" srcset=\"https:\/\/academyulianov.com\/wp-content\/uploads\/2026\/04\/degen-scanner-300x169.jpg 300w, https:\/\/academyulianov.com\/wp-content\/uploads\/2026\/04\/degen-scanner-1024x576.jpg 1024w, https:\/\/academyulianov.com\/wp-content\/uploads\/2026\/04\/degen-scanner-768x432.jpg 768w, https:\/\/academyulianov.com\/wp-content\/uploads\/2026\/04\/degen-scanner-1536x864.jpg 1536w, https:\/\/academyulianov.com\/wp-content\/uploads\/2026\/04\/degen-scanner.jpg 1920w\" sizes=\"(max-width: 300px) 100vw, 300px\" \/><\/div><\/a>\n\t\t\t\t<div class=\"elementor-post__badge\">TRADE<\/div>\n\t\t\t\t<div class=\"elementor-post__avatar\">\n\t\t\t<img alt='Fer' src='https:\/\/secure.gravatar.com\/avatar\/ff61e0c720d3ae65f6abe4cd2c92a1492d1f6b2dc72b0a998c357c66ee1610eb?s=128&#038;d=mm&#038;r=g' srcset='https:\/\/secure.gravatar.com\/avatar\/ff61e0c720d3ae65f6abe4cd2c92a1492d1f6b2dc72b0a998c357c66ee1610eb?s=256&#038;d=mm&#038;r=g 2x' class='avatar avatar-128 photo' height='128' width='128' \/>\t\t<\/div>\n\t\t\t\t<div class=\"elementor-post__text\">\n\t\t\t\t<h3 class=\"elementor-post__title\">\n\t\t\t<a href=\"https:\/\/academyulianov.com\/index.php\/2026\/04\/20\/degen-scanner\/\" >\n\t\t\t\tDEGEN SCANNER\t\t\t<\/a>\n\t\t<\/h3>\n\t\t\t\t<div class=\"elementor-post__excerpt\">\n\t\t\t<p>O guia definitivo para dominar o\u00a0Market-Maker Bot\u00a0\u2014 da cria\u00e7\u00e3o da conta Bitget ao primeiro trade autom\u00e1tico rent\u00e1vel https:\/\/youtu.be\/5Kwcc3o4p9w DEGEN SCANNER<\/p>\n\t\t<\/div>\n\t\t\t\t\t<a class=\"elementor-post__read-more\" href=\"https:\/\/academyulianov.com\/index.php\/2026\/04\/20\/degen-scanner\/\" >\n\t\t\t\tRead More \u00bb\t\t\t<\/a>\n\t\t\t\t<\/div>\n\t\t\t\t<div class=\"elementor-post__meta-data\">\n\t\t\t\t\t<span class=\"elementor-post-date\">\n\t\t\t20\/04\/2026\t\t<\/span>\n\t\t\t\t<span class=\"elementor-post-avatar\">\n\t\t\tNo Comments\t\t<\/span>\n\t\t\t\t<\/div>\n\t\t\t\t\t<\/div>\n\t\t<\/article>\n\t\t\t\t<article class=\"elementor-post elementor-grid-item post-1469 post type-post status-publish format-standard has-post-thumbnail hentry category-analise-tecnica\">\n\t\t\t<div class=\"elementor-post__card\">\n\t\t\t\t<a class=\"elementor-post__thumbnail__link\" href=\"https:\/\/academyulianov.com\/index.php\/2026\/04\/15\/abrir-operacoes-todos-os-dias-no-club-oro-tem\/\" ><div class=\"elementor-post__thumbnail\"><img decoding=\"async\" width=\"300\" height=\"300\" src=\"https:\/\/academyulianov.com\/wp-content\/uploads\/2026\/04\/academy-3-300x300.png\" class=\"attachment-medium size-medium wp-image-1470\" alt=\"\" srcset=\"https:\/\/academyulianov.com\/wp-content\/uploads\/2026\/04\/academy-3-300x300.png 300w, https:\/\/academyulianov.com\/wp-content\/uploads\/2026\/04\/academy-3-1024x1024.png 1024w, https:\/\/academyulianov.com\/wp-content\/uploads\/2026\/04\/academy-3-150x150.png 150w, https:\/\/academyulianov.com\/wp-content\/uploads\/2026\/04\/academy-3-768x768.png 768w, https:\/\/academyulianov.com\/wp-content\/uploads\/2026\/04\/academy-3.png 1200w\" sizes=\"(max-width: 300px) 100vw, 300px\" \/><\/div><\/a>\n\t\t\t\t<div class=\"elementor-post__badge\">FUNDAMENTOS DA ANALISE T\u00c9CNICA<\/div>\n\t\t\t\t<div class=\"elementor-post__avatar\">\n\t\t\t<img alt='Fer' src='https:\/\/secure.gravatar.com\/avatar\/ff61e0c720d3ae65f6abe4cd2c92a1492d1f6b2dc72b0a998c357c66ee1610eb?s=128&#038;d=mm&#038;r=g' srcset='https:\/\/secure.gravatar.com\/avatar\/ff61e0c720d3ae65f6abe4cd2c92a1492d1f6b2dc72b0a998c357c66ee1610eb?s=256&#038;d=mm&#038;r=g 2x' class='avatar avatar-128 photo' height='128' width='128' \/>\t\t<\/div>\n\t\t\t\t<div class=\"elementor-post__text\">\n\t\t\t\t<h3 class=\"elementor-post__title\">\n\t\t\t<a href=\"https:\/\/academyulianov.com\/index.php\/2026\/04\/15\/abrir-operacoes-todos-os-dias-no-club-oro-tem\/\" >\n\t\t\t\tAbrir opera\u00e7\u00f5es todos os dias?                        No Club Oro tem.\t\t\t<\/a>\n\t\t<\/h3>\n\t\t\t\t<div class=\"elementor-post__excerpt\">\n\t\t\t<p>https:\/\/cluboro.io\/assinar Abrir Opera\u00e7\u00f5es Todos os Dias? No Club Oro Tem. BTC $74,004 \u00b7 LONG ETH $2,326 \u00b7 LONG XRP $1.36<\/p>\n\t\t<\/div>\n\t\t\t\t\t<a class=\"elementor-post__read-more\" href=\"https:\/\/academyulianov.com\/index.php\/2026\/04\/15\/abrir-operacoes-todos-os-dias-no-club-oro-tem\/\" >\n\t\t\t\tRead More \u00bb\t\t\t<\/a>\n\t\t\t\t<\/div>\n\t\t\t\t<div class=\"elementor-post__meta-data\">\n\t\t\t\t\t<span class=\"elementor-post-date\">\n\t\t\t15\/04\/2026\t\t<\/span>\n\t\t\t\t<span class=\"elementor-post-avatar\">\n\t\t\tNo Comments\t\t<\/span>\n\t\t\t\t<\/div>\n\t\t\t\t\t<\/div>\n\t\t<\/article>\n\t\t\t\t<article class=\"elementor-post elementor-grid-item post-1463 post type-post status-publish format-standard has-post-thumbnail hentry category-analise-tecnica\">\n\t\t\t<div class=\"elementor-post__card\">\n\t\t\t\t<a class=\"elementor-post__thumbnail__link\" href=\"https:\/\/academyulianov.com\/index.php\/2026\/04\/15\/club-oro-premium-bem-vindo-ao-ecossistema\/\" ><div class=\"elementor-post__thumbnail\"><img decoding=\"async\" width=\"300\" height=\"300\" src=\"https:\/\/academyulianov.com\/wp-content\/uploads\/2026\/04\/academy-2-300x300.png\" class=\"attachment-medium size-medium wp-image-1464\" alt=\"\" srcset=\"https:\/\/academyulianov.com\/wp-content\/uploads\/2026\/04\/academy-2-300x300.png 300w, https:\/\/academyulianov.com\/wp-content\/uploads\/2026\/04\/academy-2-1024x1024.png 1024w, https:\/\/academyulianov.com\/wp-content\/uploads\/2026\/04\/academy-2-150x150.png 150w, https:\/\/academyulianov.com\/wp-content\/uploads\/2026\/04\/academy-2-768x768.png 768w, https:\/\/academyulianov.com\/wp-content\/uploads\/2026\/04\/academy-2.png 1200w\" sizes=\"(max-width: 300px) 100vw, 300px\" \/><\/div><\/a>\n\t\t\t\t<div class=\"elementor-post__badge\">FUNDAMENTOS DA ANALISE T\u00c9CNICA<\/div>\n\t\t\t\t<div class=\"elementor-post__avatar\">\n\t\t\t<img alt='Fer' src='https:\/\/secure.gravatar.com\/avatar\/ff61e0c720d3ae65f6abe4cd2c92a1492d1f6b2dc72b0a998c357c66ee1610eb?s=128&#038;d=mm&#038;r=g' srcset='https:\/\/secure.gravatar.com\/avatar\/ff61e0c720d3ae65f6abe4cd2c92a1492d1f6b2dc72b0a998c357c66ee1610eb?s=256&#038;d=mm&#038;r=g 2x' class='avatar avatar-128 photo' height='128' width='128' \/>\t\t<\/div>\n\t\t\t\t<div class=\"elementor-post__text\">\n\t\t\t\t<h3 class=\"elementor-post__title\">\n\t\t\t<a href=\"https:\/\/academyulianov.com\/index.php\/2026\/04\/15\/club-oro-premium-bem-vindo-ao-ecossistema\/\" >\n\t\t\t\tCLUB ORO PREMIUM &#8211; Bem-vindo ao ecossistema\t\t\t<\/a>\n\t\t<\/h3>\n\t\t\t\t<div class=\"elementor-post__excerpt\">\n\t\t\t<p>https:\/\/cluboro.io\/assinar Club Oro \u2014 A Plataforma Premium para Evoluir no Mercado Cripto BTC $74,200 \u21911.4% ETH $2,341 \u21910.9% SOL $84.12<\/p>\n\t\t<\/div>\n\t\t\t\t\t<a class=\"elementor-post__read-more\" href=\"https:\/\/academyulianov.com\/index.php\/2026\/04\/15\/club-oro-premium-bem-vindo-ao-ecossistema\/\" >\n\t\t\t\tRead More \u00bb\t\t\t<\/a>\n\t\t\t\t<\/div>\n\t\t\t\t<div class=\"elementor-post__meta-data\">\n\t\t\t\t\t<span class=\"elementor-post-date\">\n\t\t\t15\/04\/2026\t\t<\/span>\n\t\t\t\t<span class=\"elementor-post-avatar\">\n\t\t\tNo Comments\t\t<\/span>\n\t\t\t\t<\/div>\n\t\t\t\t\t<\/div>\n\t\t<\/article>\n\t\t\t\t<article class=\"elementor-post elementor-grid-item post-1458 post type-post status-publish format-standard has-post-thumbnail hentry category-cripto-iniciantes\">\n\t\t\t<div class=\"elementor-post__card\">\n\t\t\t\t<a class=\"elementor-post__thumbnail__link\" href=\"https:\/\/academyulianov.com\/index.php\/2026\/03\/19\/o-qnt-da-quant-network-apresenta-desempenho-solido-em-meio-a-avancos-tecnologicos-em-2026\/\" ><div class=\"elementor-post__thumbnail\"><img loading=\"lazy\" decoding=\"async\" width=\"300\" height=\"300\" src=\"https:\/\/academyulianov.com\/wp-content\/uploads\/2026\/03\/qnt-300x300.png\" class=\"attachment-medium size-medium wp-image-1459\" alt=\"\" srcset=\"https:\/\/academyulianov.com\/wp-content\/uploads\/2026\/03\/qnt-300x300.png 300w, https:\/\/academyulianov.com\/wp-content\/uploads\/2026\/03\/qnt-1024x1024.png 1024w, https:\/\/academyulianov.com\/wp-content\/uploads\/2026\/03\/qnt-150x150.png 150w, https:\/\/academyulianov.com\/wp-content\/uploads\/2026\/03\/qnt-768x768.png 768w, https:\/\/academyulianov.com\/wp-content\/uploads\/2026\/03\/qnt.png 1200w\" sizes=\"(max-width: 300px) 100vw, 300px\" \/><\/div><\/a>\n\t\t\t\t<div class=\"elementor-post__badge\">CRYPTO -INICIANTES<\/div>\n\t\t\t\t<div class=\"elementor-post__avatar\">\n\t\t\t<img alt='Fer' src='https:\/\/secure.gravatar.com\/avatar\/ff61e0c720d3ae65f6abe4cd2c92a1492d1f6b2dc72b0a998c357c66ee1610eb?s=128&#038;d=mm&#038;r=g' srcset='https:\/\/secure.gravatar.com\/avatar\/ff61e0c720d3ae65f6abe4cd2c92a1492d1f6b2dc72b0a998c357c66ee1610eb?s=256&#038;d=mm&#038;r=g 2x' class='avatar avatar-128 photo' height='128' width='128' \/>\t\t<\/div>\n\t\t\t\t<div class=\"elementor-post__text\">\n\t\t\t\t<h3 class=\"elementor-post__title\">\n\t\t\t<a href=\"https:\/\/academyulianov.com\/index.php\/2026\/03\/19\/o-qnt-da-quant-network-apresenta-desempenho-solido-em-meio-a-avancos-tecnologicos-em-2026\/\" >\n\t\t\t\tO QNT da Quant Network Apresenta Desempenho S\u00f3lido em Meio a Avan\u00e7os Tecnol\u00f3gicos em 2026\t\t\t<\/a>\n\t\t<\/h3>\n\t\t\t\t<div class=\"elementor-post__excerpt\">\n\t\t\t<p>O token QNT, nativo da Quant Network, tem mostrado resili\u00eancia e bom desempenho no mercado cripto em mar\u00e7o de 2026,<\/p>\n\t\t<\/div>\n\t\t\t\t\t<a class=\"elementor-post__read-more\" href=\"https:\/\/academyulianov.com\/index.php\/2026\/03\/19\/o-qnt-da-quant-network-apresenta-desempenho-solido-em-meio-a-avancos-tecnologicos-em-2026\/\" >\n\t\t\t\tRead More \u00bb\t\t\t<\/a>\n\t\t\t\t<\/div>\n\t\t\t\t<div class=\"elementor-post__meta-data\">\n\t\t\t\t\t<span class=\"elementor-post-date\">\n\t\t\t19\/03\/2026\t\t<\/span>\n\t\t\t\t<span class=\"elementor-post-avatar\">\n\t\t\tNo Comments\t\t<\/span>\n\t\t\t\t<\/div>\n\t\t\t\t\t<\/div>\n\t\t<\/article>\n\t\t\t\t<\/div>\n\n\n\t\t\n\t\t\t\t\t\t<\/div>\n\t\t\t\t<\/div>\n\t\t\t\t\t<\/div>\n\t\t\t\t<\/div>\n\t\t\t\t<\/div>\n\t\t","protected":false},"excerpt":{"rendered":"","protected":false},"author":1,"featured_media":0,"parent":0,"menu_order":0,"comment_status":"closed","ping_status":"closed","template":"","meta":{"footnotes":""},"class_list":["post-1413","page","type-page","status-publish","hentry"],"yoast_head":"<!-- This site is optimized with the Yoast SEO plugin v27.4 - https:\/\/yoast.com\/product\/yoast-seo-wordpress\/ -->\n<title>Home - Academy Ulianov<\/title>\n<meta name=\"robots\" content=\"index, follow, max-snippet:-1, max-image-preview:large, max-video-preview:-1\" \/>\n<link rel=\"canonical\" href=\"https:\/\/academyulianov.com\/\" \/>\n<meta property=\"og:locale\" content=\"en_US\" \/>\n<meta property=\"og:type\" content=\"article\" \/>\n<meta property=\"og:title\" content=\"Home - Academy Ulianov\" \/>\n<meta property=\"og:url\" content=\"https:\/\/academyulianov.com\/\" \/>\n<meta property=\"og:site_name\" content=\"Academy Ulianov\" \/>\n<meta property=\"article:modified_time\" content=\"2026-03-10T22:01:03+00:00\" \/>\n<meta name=\"twitter:card\" content=\"summary_large_image\" \/>\n<meta name=\"twitter:label1\" content=\"Est. reading time\" \/>\n\t<meta name=\"twitter:data1\" content=\"4 minutes\" \/>\n<script type=\"application\/ld+json\" class=\"yoast-schema-graph\">{\"@context\":\"https:\\\/\\\/schema.org\",\"@graph\":[{\"@type\":\"WebPage\",\"@id\":\"https:\\\/\\\/academyulianov.com\\\/\",\"url\":\"https:\\\/\\\/academyulianov.com\\\/\",\"name\":\"Home - Academy Ulianov\",\"isPartOf\":{\"@id\":\"https:\\\/\\\/academyulianov.com\\\/#website\"},\"datePublished\":\"2026-03-10T21:02:21+00:00\",\"dateModified\":\"2026-03-10T22:01:03+00:00\",\"breadcrumb\":{\"@id\":\"https:\\\/\\\/academyulianov.com\\\/#breadcrumb\"},\"inLanguage\":\"en-US\",\"potentialAction\":[{\"@type\":\"ReadAction\",\"target\":[\"https:\\\/\\\/academyulianov.com\\\/\"]}]},{\"@type\":\"BreadcrumbList\",\"@id\":\"https:\\\/\\\/academyulianov.com\\\/#breadcrumb\",\"itemListElement\":[{\"@type\":\"ListItem\",\"position\":1,\"name\":\"Home\",\"item\":\"https:\\\/\\\/academyulianov.com\\\/\"},{\"@type\":\"ListItem\",\"position\":2,\"name\":\"Home\"}]},{\"@type\":\"WebSite\",\"@id\":\"https:\\\/\\\/academyulianov.com\\\/#website\",\"url\":\"https:\\\/\\\/academyulianov.com\\\/\",\"name\":\"Academy Ulianov\",\"description\":\"The world&#039;s biggest financial revolution is coming!\",\"potentialAction\":[{\"@type\":\"SearchAction\",\"target\":{\"@type\":\"EntryPoint\",\"urlTemplate\":\"https:\\\/\\\/academyulianov.com\\\/?s={search_term_string}\"},\"query-input\":{\"@type\":\"PropertyValueSpecification\",\"valueRequired\":true,\"valueName\":\"search_term_string\"}}],\"inLanguage\":\"en-US\"}]}<\/script>\n<!-- \/ Yoast SEO plugin. -->","yoast_head_json":{"title":"Home - Academy Ulianov","robots":{"index":"index","follow":"follow","max-snippet":"max-snippet:-1","max-image-preview":"max-image-preview:large","max-video-preview":"max-video-preview:-1"},"canonical":"https:\/\/academyulianov.com\/","og_locale":"en_US","og_type":"article","og_title":"Home - Academy Ulianov","og_url":"https:\/\/academyulianov.com\/","og_site_name":"Academy Ulianov","article_modified_time":"2026-03-10T22:01:03+00:00","twitter_card":"summary_large_image","twitter_misc":{"Est. reading time":"4 minutes"},"schema":{"@context":"https:\/\/schema.org","@graph":[{"@type":"WebPage","@id":"https:\/\/academyulianov.com\/","url":"https:\/\/academyulianov.com\/","name":"Home - Academy Ulianov","isPartOf":{"@id":"https:\/\/academyulianov.com\/#website"},"datePublished":"2026-03-10T21:02:21+00:00","dateModified":"2026-03-10T22:01:03+00:00","breadcrumb":{"@id":"https:\/\/academyulianov.com\/#breadcrumb"},"inLanguage":"en-US","potentialAction":[{"@type":"ReadAction","target":["https:\/\/academyulianov.com\/"]}]},{"@type":"BreadcrumbList","@id":"https:\/\/academyulianov.com\/#breadcrumb","itemListElement":[{"@type":"ListItem","position":1,"name":"Home","item":"https:\/\/academyulianov.com\/"},{"@type":"ListItem","position":2,"name":"Home"}]},{"@type":"WebSite","@id":"https:\/\/academyulianov.com\/#website","url":"https:\/\/academyulianov.com\/","name":"Academy Ulianov","description":"The world&#039;s biggest financial revolution is coming!","potentialAction":[{"@type":"SearchAction","target":{"@type":"EntryPoint","urlTemplate":"https:\/\/academyulianov.com\/?s={search_term_string}"},"query-input":{"@type":"PropertyValueSpecification","valueRequired":true,"valueName":"search_term_string"}}],"inLanguage":"en-US"}]}},"_links":{"self":[{"href":"https:\/\/academyulianov.com\/index.php\/wp-json\/wp\/v2\/pages\/1413","targetHints":{"allow":["GET"]}}],"collection":[{"href":"https:\/\/academyulianov.com\/index.php\/wp-json\/wp\/v2\/pages"}],"about":[{"href":"https:\/\/academyulianov.com\/index.php\/wp-json\/wp\/v2\/types\/page"}],"author":[{"embeddable":true,"href":"https:\/\/academyulianov.com\/index.php\/wp-json\/wp\/v2\/users\/1"}],"replies":[{"embeddable":true,"href":"https:\/\/academyulianov.com\/index.php\/wp-json\/wp\/v2\/comments?post=1413"}],"version-history":[{"count":10,"href":"https:\/\/academyulianov.com\/index.php\/wp-json\/wp\/v2\/pages\/1413\/revisions"}],"predecessor-version":[{"id":1436,"href":"https:\/\/academyulianov.com\/index.php\/wp-json\/wp\/v2\/pages\/1413\/revisions\/1436"}],"wp:attachment":[{"href":"https:\/\/academyulianov.com\/index.php\/wp-json\/wp\/v2\/media?parent=1413"}],"curies":[{"name":"wp","href":"https:\/\/api.w.org\/{rel}","templated":true}]}}